-3*g - 26 = -3*t + 5*t. Let f = t - -13. Let p(i) = i - 2. What is p(f)?
4
Let k(m) = 8*m**3 - m**2 + m - 3. Let q(p) = 9*p**3 - 2*p**2 + 2*p - 4. Let c(n) = -3*k(n) + 2*q(n). Suppose -5 = 3*h - 2. What is c(h)?
5
Let r(t) be the first derivative of -t**3/3 - 5*t**2/2 - 8. Determine r(-5).
0
Suppose 4*h = r + 12, -3*r - 10 = -0*h + h. Let y be (-4 + 4)/(0 + h). Suppose y*p + 10 = 5*p, -2*n = 4*p - 14. Let l(k) = k**2 - 3*k - 3. Calculate l(n).
-3
Let t(j) = 21*j**2 + 2 + 0*j - 17*j**2 + 0*j. Let f(i) = 5*i**2 + 3. Let a(m) = 3*f(m) - 4*t(m). Determine a(-1).
0
Let m(i) = 5*i**2 - 25*i + 20. Let v(z) = -z**2 + 5*z - 4. Let u(l) = -2*m(l) - 11*v(l). Let r be (-2)/11 - 45/55. Let x = r + 5. Give u(x).
0
Let u(c) = 0 - c - 3 + 0 + 2. Let n(g) = g**2 - 4*g + 3. Let d be n(2). Determine u(d).
0
Let i(w) = 6*w**2 + 5*w + 2. Let t(a) = -a**3 + 33*a**2 - 33*a**2. Let r(j) = -i(j) + t(j). Determine r(-5).
-2
Let p(s) = -s**3 - 9*s**2 - 2. Let o be p(-9). Let j(a) = -a**3 - 3*a**2 - 2*a - 3. Determine j(o).
-3
Let p(g) = 9*g - 12. Let k(n) = 8*n - 13. Let s(b) = -4*k(b) + 5*p(b). Let f(i) = -3*i + 2. Let q(d) = -9*f(d) - 2*s(d). Determine q(0).
-2
Let j(n) be the first derivative of n**3/3 - 4*n**2 - 12*n + 7. Determine j(9).
-3
Let y(b) = -7*b + 1. Let v be 126/(-6) + (-1 - -2). Let l = -21 - v. Determine y(l).
8
Let v(h) = h**2 - h - 3. Suppose -12 = -21*k + 25*k. Determine v(k).
9
Suppose -h + 2 = 0, 0 = -2*s - 4*h + 4 - 2. Let v(n) = -4*n - 4. Calculate v(s).
8
Let j(v) = 8*v - 11*v + 2*v. Determine j(0).
0
Let n(k) = -2*k. Let b(d) = 11*d + 9. Let a(r) = -b(r) - 5*n(r). Give a(-8).
-1
Let t(k) = -k**3 - 4*k**2 - k. Let l be t(-2). Let n be 0*1/l*-3. Suppose 4*r - b + 16 - 5 = n, 0 = -r + 5*b + 21. Let s(q) = q**2 + 4*q + 1. Calculate s(r).
1
Let k(q) = -q**3 - q - 3. Let v be (-3)/(33/42 + -1). Let s = -8 + v. Suppose s*r = r. Determine k(r).
-3
Let k(t) = -3*t**2 + 3*t. Let u(z) = -2*z**2 + 3*z - 1. Let c(y) = -3*k(y) + 4*u(y). Give c(3).
14
Let t(q) = 7*q**2 + q + 1. Let o = 4 - 4. Suppose -3*b + 1 = -4*l + 8, o = 4*b - 2*l + 6. Determine t(b).
7
Let f(v) = v - 2. Let x(m) = -m**3 - 18*m**2 + 16*m - 48. Let g be x(-19). What is f(g)?
7
Let x(z) = 3 + 4 + 5*z**2 - 4*z**3 + 5*z**3. Give x(-5).
7
Let t(k) = -k**3 - 10*k**2 + 13*k + 15. Suppose 0*x + x - 24 = 2*m, 8 = 4*x. Give t(m).
-7
Let t(k) = 5 + 2*k - 4 - 3*k. Suppose 14*v = 13*v - 35. Let u = v - -31. Calculate t(u).
5
Let c(r) = -r**3 + 15*r**2 + r - 14. Let y be c(15). Let t(k) = -4*k. What is t(y)?
-4
Let r(u) = -7 + 0 + u - 5*u**2 + 5*u**2 - u**2. What is r(0)?
-7
Let r(b) be the first derivative of b**4/4 - 3*b**3 + 9*b**2/2 - 9*b + 17. Give r(8).
-1
Let j(q) be the first derivative of q**3/3 + 3*q**2 + 6*q + 1. Determine j(-6).
6
Let w(n) = -2*n - 3. Let j(h) = -h**3 - 8*h**2 - 2*h - 18. Let f be j(-8). Calculate w(f).
1
Let x(d) be the first derivative of 1/6*d**3 - 4 - 2*d + 1/2*d**2 + 1/4*d**4 - 1/20*d**5. Let i(k) be the first derivative of x(k). Calculate i(2).
7
Let m(j) = 0*j - 29 + j + 27. Calculate m(3).
1
Let h(f) = f**2 - 5*f - 1. Let q(u) = -u**2 + 4*u + u + 0*u**2 + 2. Let p(r) = -5*h(r) - 4*q(r). Determine p(3).
3
Let q(i) = i**3 + 3*i**2 + i + 3. Let r = 2 - 1. Let w be ((-3)/(-4))/(r/(-4)). Determine q(w).
0
Let v be (1 + -4 - -1)/2. Let z be v - 5*2/(-2). Let s(y) be the second derivative of y**5/20 - y**4/3 + y**3/6 + y**2/2 + y + 22. Give s(z).
5
Suppose -3*j - 1 = 2*g - 8, -5*g = 3*j - 13. Let p(u) = 0 + 10 + 0 - u**g. What is p(0)?
10
Let q(u) = -u + 1. Suppose -h = -5*j + 22, 4*j - 36 = -3*h - 7. Determine q(j).
-4
Let w(b) = b**3 + b + 9. Let y = -91 - -91. Calculate w(y).
9
Let v = 2 - 1. Let g = v + 7. Let n(b) = -b + g - b - 1. Give n(5).
-3
Let l(a) = -a**3 + 6*a**2 - 3*a + 7. Suppose 2*z + 2 = -3*p - p, 5*z - 10 = -5*p. Give l(z).
17
Let u(h) = -11*h**2 - 7*h + 4. Let r(b) = -1 - 16*b**2 + 6 - 11*b + 1 + b. Let k(f) = 5*r(f) - 7*u(f). What is k(-2)?
-8
Suppose 0 = -4*y - 76 - 4. Let s be (-8)/y - 17/5. Let q(a) = 4*a + 3. Calculate q(s).
-9
Let r(c) = 9*c + c**3 + 0*c**3 - 37 + 10*c**2 + 47. Give r(-9).
10
Let v(f) = -f**3 - 2*f**2 + 2*f + 3. Let y(n) = 8*n**3 - n**2. Let i be y(1). Suppose -11 - i = -3*b. Let w be b/(1 + -1 + -2). Calculate v(w).
6
Let f(z) = -5*z**2 + 2*z - 1. Let x = 91 + -90. Calculate f(x).
-4
Suppose 7*g = 2*g + 4*d + 39, -2*d - 37 = -5*g. Let y(f) = -f**2 + 6*f + 1. What is y(g)?
-6
Let k(w) = -w**2 - 2*w - 1. Let y be k(-1). Let f(d) be the first derivative of -3*d - 1/2*d**2 + 5. Determine f(y).
-3
Let z be 1 + -1 + 1 + 3. Let v(f) = 4*f**2 - 25*f - 17. Let b(q) = -q**2 + 6*q + 4. Let s be (0 + 2/6)*6. Let k(l) = s*v(l) + 9*b(l). Give k(z).
2
Let q(k) be the third derivative of k**5/60 + k**4/3 + 7*k**3/6 + 5*k**2. Suppose -4*h - 3 = 17. Give q(h).
-8
Let d(l) = l - 10. Let g(a) = -a**2 - 3*a. Let o(v) = v**2 - 6*v + 4. Let t be o(4). Let b be g(t). Let u be (40/12)/(b/(-6)). Determine d(u).
-5
Let r = 6 + -4. Let t be (-1 - -4)/(12/8). Let p(b) = -1 + b**t + b + 4*b**2 + b**r. Determine p(1).
6
Let q(c) = c**2 + c. Let k(z) = -4*z**2 + 2*z + 7. Let n(o) = -k(o) - 3*q(o). Give n(5).
-7
Let n(c) = c + 3. Let x be -30*(12/15)/(-2). Let j be ((-6)/(-4))/(9/x). Suppose j*m = 4*m + 10. Calculate n(m).
-2
Let a(v) be the first derivative of -v**3/3 + 3*v**2/2 - 3*v - 3. What is a(2)?
-1
Let z(u) = -12*u + 6 + 11*u + 5*u**3 - 4*u**3. What is z(0)?
6
Let i(k) be the second derivative of k**3/6 + k**2 + k. Calculate i(-3).
-1
Let j(o) = o**3 - 3*o**2 - 3*o + 1. Let t(v) = 3*v**2 + v + 1. Let w be t(-1). Determine j(w).
-8
Let p(f) = f**2 - 6*f + 4. Let w be 30/70 - (-50)/14. Calculate p(w).
-4
Let u be 34/(-8) - 4/(-16). Let m(c) = c**2 - 4*c - 11. Let p(r) = -2*r**2 + 7*r + 21. Let w(z) = -11*m(z) - 6*p(z). Determine w(u).
3
Let c(n) be the third derivative of n**6/120 - n**4/24 - 2*n**3/3 + n**2. What is c(0)?
-4
Suppose 0 = -o - 2 - 2. Let c(l) = 7*l**2 + 10*l - 5. Let x(a) = 8*a**2 + 11*a - 5. Let b(r) = -7*c(r) + 6*x(r). Determine b(o).
5
Suppose -12*z = -4*z - 40. Let g(v) = -v**2 + 7*v - 6. What is g(z)?
4
Let m(j) be the first derivative of j**4/4 + j**3 + j**2 - 3*j - 9. What is m(-3)?
-9
Let j = -5 - -7. Let i(p) be the second derivative of p**4/6 - p**3/2 + p**2/2 - 2*p. What is i(j)?
3
Suppose -4*m = 3*w - 51, 2*w = -m - 2*m + 34. Let f = 12 - w. Let r(c) = -5 - c**2 - 3 - 5*c + 1. Determine r(f).
-7
Let v(d) = d + 2. Let a(n) = n**3 - 12*n**2 - 2. Let g be a(12). Calculate v(g).
0
Let z(b) = 7*b. Let x(p) = p**2 + 5*p + 5. Let i be x(-4). What is z(i)?
7
Let p(y) be the first derivative of 1 + 0*y**2 + 1/4*y**4 + 1/3*y**3 + 6*y. Suppose -l - v = -6*l + 4, -3*v = 4*l + 12. Determine p(l).
6
Let c(x) be the first derivative of x**4/4 + 2*x**3 + 3*x**2 + x - 1. Let k be 1/(2 - 22/10). Calculate c(k).
-4
Let h(z) = z**2 + z + 1. Let g = 32 + -33. Calculate h(g).
1
Let j(k) = k**3 + 2. Let f = -5 - -3. Calculate j(f).
-6
Let x(g) = 0*g + 2*g + 1 - g. Let t(k) be the second derivative of k**5/20 + 7*k**4/12 - k**3/6 - 7*k**2/2 - 2*k. Let b be t(-7). Give x(b).
1
Let l = -2 + 3. Let k = 6 + -5. Let y(t) = -5*t + k + t + 2*t. What is y(l)?
-1
Let b be 2*8/((-8)/(-2)). Let s(i) = -i**2 + 4*i + 5. Calculate s(b).
5
Let x(b) = 14 - 7 + b + b. What is x(-7)?
-7
Let b(z) be the first derivative of z**7/840 - z**6/120 - z**5/40 + z**4/8 - 2*z**3/3 - 2. Let r(h) be the third derivative of b(h). Calculate r(4).
7
Let t(c) be the third derivative of c**5/60 + c**4/6 - c**3/6 + 3*c**2. Suppose -y + 9 = 2*y. Let x = -2 - y. Determine t(x).
4
Let w(a) = -a**3 + 2*a - 1. Let n = 2 - -1. Suppose -2*b - n = b. Let d be -1 - (-1 + b - 0). What is w(d)?
0
Suppose 5*b = 4*b + 1. Let f(j) = j**3 - j**2 + j - 1. Determine f(b).
0
Let w(v) = -v. Let j(o) = -4*o. Let r(c) = j(c) - 3*w(c). Let p(x) = -x + 3. Let d be p(5). Determine r(d).
2
Let o = -46 + 48. Let z(i) = 2*i**2 - 2*i + 2. Calculate z(o).
6
Let h be 0 - (-5)/((-5)/6). Let x = 10 + h. Let y(c) = -2*c + 2. Give y(x).
-6
Let p(r) = r + 2. Let v be p(0). Suppose -2*j + 16 = v*j. Let g(k) = 3*k + k**3 + j*k**2 - 3 - 3*k. What is g(-4)?
-3
Let u(h) = -h - 4. Let f be ((-1)/2)/(1/(-6)). Let y be (f - 2)*(-2 - -2). Let z = y + 0. Give u(z).
-4
Suppose -10 = g - 3*g. Let l(c) = 0*c**2 + c**2 - 39 - g*c